{"id":22,"date":"2021-03-01T19:42:41","date_gmt":"2021-03-01T18:42:41","guid":{"rendered":"http:\/\/sdhlochkov.js-klima.cz\/?page_id=22"},"modified":"2026-02-18T20:07:41","modified_gmt":"2026-02-18T19:07:41","slug":"jsdh","status":"publish","type":"page","link":"https:\/\/www.sdhlochkov.cz\/index.php\/jsdh\/","title":{"rendered":"JSDH"},"content":{"rendered":"\n<p>Jednotka sboru dobrovoln\u00fdch hasi\u010d\u016f Praha-Lochkov je jednotkou po\u017e\u00e1rn\u00ed ochrany z\u0159\u00edzen\u00e1 m\u011bstskou \u010d\u00e1st\u00ed Praha-Lochkov a jej\u00ed \u010dinnost se \u0159\u00edd\u00ed z\u00e1konem 133\/1985 Sb. o po\u017e\u00e1rn\u00ed ochran\u011b. \u00da\u010dastn\u00ed se z\u00e1chrann\u00fdch a likvida\u010dn\u00edch prac\u00ed na mimo\u0159\u00e1dn\u00fdch ud\u00e1lostech. <\/p>\n\n\n\n<p>V sou\u0161asn\u00e9 dob\u011b JSDH Praha-Lochkov disponuje t\u0159emi v\u00fdjezdov\u00fdmi vozidly: <\/p>\n\n\n\n<figure class=\"wp-block-image size-large\"><img loading=\"lazy\" width=\"724\" height=\"1024\" src=\"https:\/\/www.sdhlochkov.cz\/wp-content\/uploads\/2026\/02\/Renault-Midlum-CAS20-TTD-724x1024.jpg\" alt=\"\" class=\"wp-image-632\" srcset=\"https:\/\/www.sdhlochkov.cz\/wp-content\/uploads\/2026\/02\/Renault-Midlum-CAS20-TTD-724x1024.jpg 724w, https:\/\/www.sdhlochkov.cz\/wp-content\/uploads\/2026\/02\/Renault-Midlum-CAS20-TTD-212x300.jpg 212w, https:\/\/www.sdhlochkov.cz\/wp-content\/uploads\/2026\/02\/Renault-Midlum-CAS20-TTD-768x1086.jpg 768w, https:\/\/www.sdhlochkov.cz\/wp-content\/uploads\/2026\/02\/Renault-Midlum-CAS20-TTD-1086x1536.jpg 1086w, https:\/\/www.sdhlochkov.cz\/wp-content\/uploads\/2026\/02\/Renault-Midlum-CAS20-TTD-1448x2048.jpg 1448w, https:\/\/www.sdhlochkov.cz\/wp-content\/uploads\/2026\/02\/Renault-Midlum-CAS20-TTD-scaled.jpg 1810w\" sizes=\"(max-width: 724px) 100vw, 724px\" \/><\/figure>\n\n\n\n<figure class=\"wp-block-image size-large\"><img loading=\"lazy\" width=\"724\" height=\"1024\" src=\"https:\/\/www.sdhlochkov.cz\/wp-content\/uploads\/2026\/02\/Tatra-724x1024.jpeg\" alt=\"\" class=\"wp-image-636\" srcset=\"https:\/\/www.sdhlochkov.cz\/wp-content\/uploads\/2026\/02\/Tatra-724x1024.jpeg 724w, https:\/\/www.sdhlochkov.cz\/wp-content\/uploads\/2026\/02\/Tatra-212x300.jpeg 212w, https:\/\/www.sdhlochkov.cz\/wp-content\/uploads\/2026\/02\/Tatra-768x1086.jpeg 768w, https:\/\/www.sdhlochkov.cz\/wp-content\/uploads\/2026\/02\/Tatra-1086x1536.jpeg 1086w, https:\/\/www.sdhlochkov.cz\/wp-content\/uploads\/2026\/02\/Tatra.jpeg 1158w\" sizes=\"(max-width: 724px) 100vw, 724px\" \/><\/figure>\n\n\n\n<ul><li>DA-L1Z Ford Transit<\/li><\/ul>\n\n\n\n<div class=\"wp-block-columns\">\n<div class=\"wp-block-column\" style=\"flex-basis:100%\">\n<figure class=\"wp-block-gallery aligncenter columns-1 is-cropped\"><ul class=\"blocks-gallery-grid\"><li class=\"blocks-gallery-item\"><figure><a href=\"http:\/\/sdhlochkov.js-klima.cz\/wp-content\/uploads\/2021\/04\/tranzit2-scaled.jpg\"><img loading=\"lazy\" width=\"768\" height=\"1024\" src=\"http:\/\/sdhlochkov.js-klima.cz\/wp-content\/uploads\/2021\/04\/tranzit2-768x1024.jpg\" alt=\"\" data-id=\"100\" data-full-url=\"http:\/\/sdhlochkov.js-klima.cz\/wp-content\/uploads\/2021\/04\/tranzit2-scaled.jpg\" data-link=\"http:\/\/sdhlochkov.js-klima.cz\/tranzit2\/\" class=\"wp-image-100\" srcset=\"https:\/\/www.sdhlochkov.cz\/wp-content\/uploads\/2021\/04\/tranzit2-768x1024.jpg 768w, https:\/\/www.sdhlochkov.cz\/wp-content\/uploads\/2021\/04\/tranzit2-225x300.jpg 225w, https:\/\/www.sdhlochkov.cz\/wp-content\/uploads\/2021\/04\/tranzit2-1152x1536.jpg 1152w, https:\/\/www.sdhlochkov.cz\/wp-content\/uploads\/2021\/04\/tranzit2-1536x2048.jpg 1536w, https:\/\/www.sdhlochkov.cz\/wp-content\/uploads\/2021\/04\/tranzit2-scaled.jpg 1920w\" sizes=\"(max-width: 767px) 89vw, (max-width: 1000px) 54vw, (max-width: 1071px) 543px, 580px\" \/><\/a><\/figure><\/li><\/ul><\/figure>\n<\/div>\n<\/div>\n","protected":false},"excerpt":{"rendered":"<p>Jednotka sboru dobrovoln\u00fdch hasi\u010d\u016f Praha-Lochkov je jednotkou po\u017e\u00e1rn\u00ed ochrany z\u0159\u00edzen\u00e1 m\u011bstskou \u010d\u00e1st\u00ed Praha-Lochkov a jej\u00ed \u010dinnost se \u0159\u00edd\u00ed z\u00e1konem 133\/1985 Sb. o po\u017e\u00e1rn\u00ed ochran\u011b. \u00da\u010dastn\u00ed se z\u00e1chrann\u00fdch a likvida\u010dn\u00edch prac\u00ed na mimo\u0159\u00e1dn\u00fdch ud\u00e1lostech. V sou\u0161asn\u00e9 dob\u011b JSDH Praha-Lochkov disponuje t\u0159emi v\u00fdjezdov\u00fdmi vozidly: DA-L1Z Ford Transit<\/p>\n","protected":false},"author":8,"featured_media":0,"parent":0,"menu_order":0,"comment_status":"closed","ping_status":"closed","template":"","meta":[],"_links":{"self":[{"href":"https:\/\/www.sdhlochkov.cz\/index.php\/wp-json\/wp\/v2\/pages\/22"}],"collection":[{"href":"https:\/\/www.sdhlochkov.cz\/index.php\/wp-json\/wp\/v2\/pages"}],"about":[{"href":"https:\/\/www.sdhlochkov.cz\/index.php\/wp-json\/wp\/v2\/types\/page"}],"author":[{"embeddable":true,"href":"https:\/\/www.sdhlochkov.cz\/index.php\/wp-json\/wp\/v2\/users\/8"}],"replies":[{"embeddable":true,"href":"https:\/\/www.sdhlochkov.cz\/index.php\/wp-json\/wp\/v2\/comments?post=22"}],"version-history":[{"count":15,"href":"https:\/\/www.sdhlochkov.cz\/index.php\/wp-json\/wp\/v2\/pages\/22\/revisions"}],"predecessor-version":[{"id":637,"href":"https:\/\/www.sdhlochkov.cz\/index.php\/wp-json\/wp\/v2\/pages\/22\/revisions\/637"}],"wp:attachment":[{"href":"https:\/\/www.sdhlochkov.cz\/index.php\/wp-json\/wp\/v2\/media?parent=22"}],"curies":[{"name":"wp","href":"https:\/\/api.w.org\/{rel}","templated":true}]}}